 - 13*i(l). Determine a(-2).
-12
Let y be -3 + 8 + 4/(-2). Let s(o) = 9*o + 15. Let w(n) = -5*n - 8. Let g(i) = 6*s(i) + 11*w(i). Give g(y).
-1
Suppose 2*g - 12 = -2*g. Let s(o) = 2*o**2 - 2*o - 1. Give s(g).
11
Let k(l) = l**3 + l + 3. Let t = 27 - 27. Determine k(t).
3
Let a(k) = -2*k - 9. Let c = 22 + -28. Calculate a(c).
3
Let p(k) = 2*k**3 + 15*k**2 + 8*k - 1. Let m(h) = 3*h**3 + 23*h**2 + 12*h - 2. Let j(s) = -5*m(s) + 8*p(s). Determine j(-4).
2
Let t(z) = -11*z + 23. Let v(k) = 5*k - 11. Let m(r) = -4*t(r) - 9*v(r). Determine m(5).
2
Let s(d) be the first derivative of -d**2 + 1/2*d**3 + 1/20*d**5 + 0*d + 5/24*d**4 - 1/120*d**6 + 1. Let y(x) be the second derivative of s(x). Calculate y(4).
7
Let n(m) = -2*m**3 - 17*m**2 + 9*m + 10. Let q(s) = 3*s**3 + 25*s**2 - 14*s - 15. Let i(p) = 7*n(p) + 5*q(p). Determine i(-7).
-5
Let k(g) = -5*g**2 + 4*g**2 + 8*g**2. Calculate k(1).
7
Let d(p) = -p - 5. Let w(c) = -c + 27. Let r(i) = -i + 18. Let y(x) = -7*r(x) + 5*w(x). Let q(o) = -5*d(o) - 2*y(o). Let m be (-2)/(-9) - 329/63. What is q(m)?
2
Let c(w) be the third derivative of -w**7/2520 - 7*w**6/720 - w**5/40 - w**4/8 + 5*w**2. Let n(y) be the second derivative of c(y). Determine n(-6).
3
Suppose -4*p - 1 = -m, -4*p + 2*p - 2*m = 8. Let s be p - -3 - 24/8. Let o(u) = -7*u**2 + u. Calculate o(s).
-8
Suppose 5*u = 4*c + 7, c + 6 = -2*c + 4*u. Let w(a) = -3 - a**2 + a + 3*a**c - a**2 + 0. Determine w(0).
-3
Let s(v) = 11*v + 3. Let l(t) = 6*t + 2. Let y(o) = -o**3 + 6*o**2 - 5*o - 3. Let c be y(5). Let q(i) = c*s(i) + 5*l(i). Determine q(3).
-8
Let m(j) = -3*j. Let o(b) = b + 1. Let p(k) = -10*k - 8. Let v(r) = -24*o(r) - 3*p(r). Let n(u) = 5*m(u) + 3*v(u). Determine n(-4).
-12
Let j(k) = -2 + 1 + 3*k - k. Let z be (-4)/(-4) + (-3)/1. Calculate j(z).
-5
Suppose 1 = 2*g - 13. Let v(q) = -q**2 + 8*q. Let i be v(g). Let m = i - 11. Let a(y) = -y**2 - 3*y - 2. Calculate a(m).
-6
Let s = 42 - 38. Let d(m) = -m**3 + 2*m**2 + 3*m - 2. Give d(s).
-22
Let f(a) = -6*a - 77. Let n be f(-12). Let s(z) = -z - 3. Give s(n).
2
Let o(i) = -333*i**3 - 5*i**2 - i**2 - 6*i + 334*i**3 + 9. Determine o(6).
-27
Let o(f) = 4*f + 42 - 37 + 3*f**2 - 2*f**2 + f. Give o(-4).
1
Let q be (56/35)/((-4)/(-10)). Let n(y) = 3 - 2 + 4*y - 6 - y**2. Determine n(q).
-5
Let x be 40/18 - (-4)/(-18). Suppose -7 = -3*h - 1. Suppose y - 3*u - x = h, 4*u = -4. Let q(b) = 10*b**3 - 2*b**2 + 1. Give q(y).
9
Let z(q) = 5*q**2 + 12*q + 1. Let k(a) = 6*a**2 + 13*a. Let l(w) = -4*k(w) + 5*z(w). Calculate l(-6).
-7
Let y(h) = h - 4. Suppose 5*q = 6*q. Suppose 4*w = 5*m - 18, 3*m = 2*m - 2*w - 2. Suppose q = -3*j - 4*o + 13, -m*o = j - 7*o + 2. What is y(j)?
-1
Suppose 40 = 5*g + 5*m, m + 29 = 3*g + 5*m. Let a(i) = 0*i**2 + g*i + 3*i - i**2 + 5. Give a(5).
10
Suppose 4*d - 4 = -0. Let z(q) = -4 - d + 1 - 2*q + q**2 + 3*q. Give z(-3).
2
Let f(l) = l + 17 - 9 - 3. Calculate f(4).
9
Let q(y) = y + 9. Let v(h) = -h**2 + 8*h. Let j be v(8). Give q(j).
9
Let s(f) be the third derivative of -f**6/120 + f**5/15 + f**4/3 - 5*f**3/6 - 18*f**2. Give s(5).
10
Let b(i) = -2*i**2 + 6*i + 6. Let w(m) = m**3 + 4*m**2 - 3*m + 3. Let d be w(-5). Let z = d + 12. What is b(z)?
-14
Let h(x) = -x**3 + 7*x**2 - 6*x + 1. Let y be h(6). Let i be y + 2 + 0 + -7. Let t(n) = -n - 3. What is t(i)?
1
Let t(c) = -c**2 - 6*c + 7. Suppose 17*b - 12*b + 30 = 0. What is t(b)?
7
Suppose 0 = 4*k + 7 + 5. Let r(d) be the first derivative of d**3/3 + d**2/2 + 3*d + 1. What is r(k)?
9
Suppose 4*t - 1 + 5 = 0. Let z(m) = 8*m**2 - 1. What is z(t)?
7
Let z(t) be the third derivative of -t**6/120 + 7*t**5/60 + t**4/24 - 4*t**3/3 - 6*t**2. What is z(7)?
-1
Let m(j) be the third derivative of j**6/120 + j**5/15 + j**4/12 + 2*j**3/3 + j**2. Give m(-4).
-4
Let d(u) = 0*u + 6*u - 3 - 2*u - 6*u**2 + u**3. Calculate d(5).
-8
Let f(k) = -2 - 2*k + 0*k**2 - 8116*k**3 + 4*k**2 + 8115*k**3. Let u = 6 - 3. Determine f(u).
1
Let s be (-3 - -1)*(-3)/2. Let a(k) = -9*k + 10. Let t(d) = 8*d - 9. Suppose -i - i + 12 = 0. Let f(g) = i*t(g) + 5*a(g). Determine f(s).
5
Let g(v) = 3*v - 3. Let x(b) = -b + 1. Let l(c) = g(c) + 6*x(c). Let h = -3 - -5. Suppose 3*j = 4*a + a - 1, a = -h*j + 8. What is l(j)?
-6
Let l(a) = -a**3 - a + 2. Let h be (0/((-9)/3))/1. Determine l(h).
2
Let p(l) = l + 4. Let m be p(0). Let g(r) be the second derivative of r**4/12 - r**3/6 - 5*r**2/2 + 8*r. Determine g(m).
7
Let m(t) = -t**3 + 27*t**2 + 27*t + 25. Let g be m(28). Let p(k) = 4*k - 3. Determine p(g).
-15
Let y be 2/((1 - 3)/4). Let p = 9 + y. Let b(g) = 3*g**2 + 5*g + 6. Let x(s) = 17*s**2 + 25*s + 30. Let z(n) = -11*b(n) + 2*x(n). Calculate z(p).
-6
Let x be ((-4)/14)/(3/(-42)). Let w(r) be the first derivative of r**3/6 - 2*r**2 + r - 1. Let j(t) be the first derivative of w(t). Give j(x).
0
Let o(m) = -m**3 + 5*m**2 - 3*m + 2. Let n(v) = -v**3 - 5*v**2 - v - 5. Let d be n(-5). Suppose d*w + 5*w = 20. What is o(w)?
6
Let q(v) = 3*v**2 - 12*v. Let i(a) = -a**2 + 4*a. Let l(g) = -11*i(g) - 4*q(g). Let j be l(3). Let t(y) = -y**3 + 2*y**2. Calculate t(j).
-9
Let v be 3/1*((-2)/(-3))/(-1). Let j(b) = 2*b. Let a(q) = 3*q. Let n(d) = -4*a(d) + 5*j(d). What is n(v)?
4
Let g(b) be the third derivative of 1/24*b**4 + 0 + 1/3*b**3 + 3*b**2 + 0*b. What is g(-3)?
-1
Let o(s) = -2*s**2 + 2*s - 2. Let l(f) = 3*f - 4. Let a be l(2). Calculate o(a).
-6
Let v(o) be the second derivative of -2*o**3/3 - 3*o**2/2 + o. Let l be (1 + -2)*(-2 - 0). Let b be 24/(-13) + l/(-13). What is v(b)?
5
Let y(c) = 2*c**3 - 12*c**2 + 6*c + 8. Let r(o) = o**3 - 6*o**2 + 3*o + 4. Let n(d) = -5*r(d) + 3*y(d). Calculate n(5).
-6
Let l(s) = 2*s + 2. Let w = -5 + 3. Let g be 0/(2 - (2 - w)). Suppose -4*z = 5*r + 7, -3*r - 3*z + 0*z - 3 = g. Give l(r).
-4
Let i = -1 - -4. Let v(k) be the third derivative of -k**5/60 + k**4/8 - k**3/6 - 10*k**2. Give v(i).
-1
Suppose 4*w = -3*m - 95, -4*w + 2*m + 0*m = 70. Let f = 26 + w. Let h(p) = p - 6. Give h(f).
0
Let v(i) = 3*i - 9. Let t(y) = -4*y + 9. Let l(n) = -2*t(n) - 3*v(n). Calculate l(7).
2
Let i(o) = -9*o - 1 + 0 + 11*o. Let s be 6/9 + (-28)/(-3). Let q = 14 - s. Determine i(q).
7
Let r(k) = -k. Let c(j) = j**2 - j + 1. Let v be c(2). Let x be v - (-3 + 2*6). Give r(x).
6
Let a = -11 + 13. Let j(q) = -2 + 5*q**2 - 2*q**2 + 2*q + 5*q - a*q**2. Calculate j(-7).
-2
Let q(z) = z**2 + z - 1. Let f be q(2). Let n(o) = 3*o**2 - f*o - 6*o**2 + 0 - 7 + 4*o**2. What is n(6)?
-1
Suppose 0 = 4*q - 22 - 6. Let b(p) = -p + 9. Let w be b(q). Let j(f) = -10*f + 5. Let v(d) = 29*d - 14. Let k(a) = -17*j(a) - 6*v(a). Determine k(w).
-9
Let q(i) = 6 - 5*i + 10*i**2 - 6*i**2 - 3*i**2. What is q(6)?
12
Let b(s) be the first derivative of 5*s**2/2 + 2*s - 5. Calculate b(-2).
-8
Suppose -4*r = -r - 9. Let t be (0/r - 1)*1. Let i(h) be the second derivative of h**3/3 - h**2/2 + h. Calculate i(t).
-3
Let w(n) = n**2 - 3*n - 1. Let l be w(4). Let h(c) = 6*c - l*c - 1 - 4*c. Give h(4).
-5
Let m(z) be the first derivative of 3*z**5/20 + z**2/2 - z - 1. Let c(a) be the first derivative of m(a). Let j = 55 - 54. What is c(j)?
4
Let q(s) be the second derivative of -s**5/20 - s**4/4 - s**3/2 - 3*s**2/2 - 5*s. Determine q(-2).
-1
Let u(l) = -l**2 - l + 1. Let j = 73 - 70. Determine u(j).
-11
Let y(x) = -x**2 - 7*x - 3. Let t(v) = -v**2 + 5*v. Let k(d) = 6*d**2 - 24*d + 1. Let p(m) = -2*k(m) - 11*t(m). Let g(f) = 3*p(f) - 2*y(f). Calculate g(-5).
10
Let i be -1*(-3)/((-6)/(-22)). Let k = i - 8. Let b(s) = s**3 - 3*s**2 - 2*s + 4. What is b(k)?
-2
Let m(b) = -b**3 - 3*b**2 + 7*b - 1. Let u(z) = -z + 1. Let r = -5 - -4. Let t(f) = r*m(f) - 5*u(f). Suppose 0 = 2*x - 7*x - 15. Give t(x).
2
Let i = 0 + 2. Let x(m) = -2*m**3 + 4*m**2 - 2*m - 2. What is x(i)?
-6
Let y(c) = c**3 + 3*c**2 - 2*c + 5*c**2 - c - 4 - 3*c**2. What is y(-5)?
11
Let m(z) = 12*z**2 - z + 1. Suppose o + 2 + 3 = 3*n, 5*n - 1 = -2*o. What is m(n)?
12
Let k(g) = -3*g**2 - g**2 + g - 4*g**2 + 1. Suppose -5*t = -4*f + 32 - 11, 0 = f + 4*t + 21. Let q be (-4)/(-8)*(f - 1). Give k(q).
-8
Let h(p) be the third derivative of -p**6/120 + p**5/20 + p**4/8 - 4*p**2. Calculate h(4).
-4
Let n(m) = m + 20. Let y be n(-12). Let d(o) = -o**3 + 8*o**2 + o - 4. Let x be d(y). Let k(r) = 2*r - r**2 - 3 + 1 + 3. Give k(x).
-7
Let v be -15*(-3 - 2/